61. Calculate the greatest common divisor of j and 24.
24
Let h be (4/(-5))/(4/(-10)). Suppose 2*f = -p + 29, h*f + 26 = 4*f - 2*p. Calculate the highest common divisor of 98 and f.
14
Let w = 19 - -31. What is the highest common divisor of w and 125?
25
Let d(k) = 21*k + 8. Let o be d(8). What is the highest common factor of 22 and o?
22
Let k(z) = 7*z + 36. Let n be k(0). Calculate the highest common divisor of n and 180.
36
Let b(r) = r**2 + 11*r - 17. Let o be b(-13). Calculate the highest common divisor of o and 18.
9
Let c(k) = 4*k - 4. Let r be c(3). Suppose -r = -j + 76. What is the highest common divisor of 12 and j?
12
Suppose 4*s - 4 = -12, q = -2*s - 1. Suppose -q*b + 302 = -184. Suppose 0 = -j, -4*w + w = 2*j - b. What is the highest common divisor of w and 18?
18
Suppose 62 = 3*n - 2*q, 2*n + 4*q - 56 = -20. Suppose -6*z + z + n = 0. What is the highest common divisor of 44 and z?
4
Let d(u) = -7*u**3 - 2*u**2 + 3*u + 2. Let y be d(-2). Let z be -3*2*3/9. Let n = z - -6. Calculate the greatest common factor of n and y.
4
Let s be (38/6)/(3/9). Suppose i - 171 = -2*i. What is the greatest common divisor of i and s?
19
Suppose -4*t + 2*t - 104 = -5*w, -3*w - 3*t = -75. Calculate the highest common divisor of 4 and w.
2
Let w = -35 + 87. Calculate the greatest common factor of 39 and w.
13
Suppose 0 = 2*c + 3*s - 186, -c + s = 2*c - 290. Calculate the greatest common factor of c and 24.
24
Suppose 4*x + 36 = 8*x. Suppose 3*u - 4 = 5*a, u - 4*a = -0*a - 1. Calculate the greatest common factor of x and u.
3
Let b be (406/(-4))/(3/(-6)). What is the greatest common factor of b and 29?
29
Let i be (1 + -1)/1 - (-39)/1. What is the greatest common factor of 3 and i?
3
Let h(d) = -57*d - 1. Let a be h(-1). What is the highest common divisor of 8 and a?
8
Let j be (1 - -1)*-8 - -1. Let y = j + 27. Calculate the highest common factor of 132 and y.
12
Let r = 1 + 5. Let b be (7 + -1)*2/r. Suppose -j = -3 - b. Calculate the highest common divisor of 20 and j.
5
Let q = 249 - 150. What is the highest common factor of 11 and q?
11
Suppose -u = 4*p - 5, u - p - 40 = 2*p. What is the highest common factor of u and 75?
25
Suppose -5*v - 15 = -2*v. Let c = v + 11. Suppose 2*n = 4*s + 22 - 146, s - 4*n = 38. Calculate the greatest common factor of s and c.
6
Let k be 14/6*(-1 - -4). Suppose -11 + k = -2*f. What is the highest common divisor of 1 and f?
1
Let j be 8/(-6)*(-180)/2. Let z be 1/(-7) + (-106)/(-7). Calculate the highest common divisor of z and j.
15
Suppose 0 = 6*a - a - 360. What is the greatest common divisor of 9 and a?
9
Let d = -4 - -6. Let r be 214/6 + 3/9. Suppose -2*m = -4*m + r. Calculate the greatest common divisor of m and d.
2
Suppose 2*s = 2*y - 46, -3*s - 3 = -18. Calculate the greatest common factor of y and 4.
4
Let r = -12 - -2. Let d = r + 12. Calculate the highest common factor of 8 and d.
2
Suppose 112 = 3*l - 20. Calculate the highest common divisor of 22 and l.
22
Let i = 609 - 108. Let t be 10/(-40) + i/4. Calculate the highest common factor of 50 and t.
25
Let u be (54 + 0 - -6)/(6/16). What is the greatest common divisor of u and 20?
20
Let a = 75 - 51. What is the greatest common divisor of a and 120?
24
Let p(m) = -3*m - 3 + 5*m - 1. Suppose -2*d = -10, -3*f + 7 = -d - 3. Let j be p(f). What is the greatest common divisor of 42 and j?
6
Suppose 3*s = n - 5*n + 38, 20 = 3*n - 2*s. Let l = -26 - n. Let t = l + 47. Calculate the highest common factor of t and 26.
13
Let z be 0 + 1 + 20 + -1. Calculate the highest common factor of 5 and z.
5
Suppose q - p = -3*p, 2 = q + 3*p. Let o be -2 + q*(-2)/4. Suppose 3*m + 70 = 2*f + 2*m, o = 4*f - 5*m - 152. Calculate the highest common divisor of f and 22.
11
Let v be (-1416)/(-102) + -4*2/(-68). What is the highest common divisor of 7 and v?
7
Suppose 0 = -2*u + 5*u - 27. Calculate the highest common factor of 45 and u.
9
Suppose -38 = -2*k - 18. Let h be (-2)/3 + 190/15. Suppose h = 3*g - 4*t, -3*g - g = -2*t - 16. What is the greatest common factor of g and k?
2
Let v = -5 + 2. Let l(f) = -f**3 - f**2 + 2*f - 1. Let a be l(v). Let d(z) = z**2 - z + 44. Let p be d(0). What is the greatest common factor of a and p?
11
Suppose -4*q = 13 - 45. Calculate the greatest common divisor of q and 2.
2
Suppose 3*k = 2*k + 3. Suppose -27 = -6*r + k*r. What is the highest common divisor of 90 and r?
9
Let a(c) = 5*c - 1. Let u be a(3). Let w = u + 16. Calculate the highest common factor of w and 5.
5
Let t(b) = -b - 1. Let k be t(0). Let h(u) = -5*u**3 + u - 3*u + 3*u. Let w be h(k). What is the highest common factor of 10 and w?
2
Let s be (-1004)/(-14) - 4/(-14). Suppose 4 = -4*t - 0, 5*d - 4*t = -6. Let m be 16/2 + 3 + d. What is the greatest common factor of s and m?
9
Let q = 16 - 9. Calculate the greatest common factor of 63 and q.
7
Let c be 12*((-22)/(-28) + (-8)/28). Calculate the greatest common divisor of c and 6.
6
Let k = -14 - -21. Let w(f) = 2*f**2 - 10*f + 1. Let a be 6 - (-1)/(3/6). Let i be w(a). Calculate the greatest common divisor of k and i.
7
Let p be (-2)/(-5) - 129/(-15). Let h be 0/(-2 - (0 - 3)). Suppose h = -f + 3*f - 18. What is the greatest common factor of p and f?
9
Let s = 2 - -10. Let o(h) = 4*h**2 + h - 3. Let q be o(3). Calculate the greatest common divisor of q and s.
12
Let y(t) = 2*t**2 + 4*t + 1. Suppose 5*d - 5 = -35. Let v be y(d). Calculate the highest common factor of 7 and v.
7
Suppose o - 5*w = 6, -4*w = w - 10. Suppose o = 5*l - 64. What is the greatest common divisor of l and 8?
8
Suppose -3*m = m + 8, -w - 2*m + 76 = 0. Suppose 9*l - 5*l = w. Calculate the greatest common divisor of l and 50.
10
Let d = 83 + 25. Calculate the highest common divisor of 12 and d.
12
Let x(b) = 9*b. Let n be x(2). What is the highest common divisor of 18 and n?
18
Let x be 84/(-2)*42/(-49). What is the greatest common factor of 24 and x?
12
Suppose -10*s + 14*s - 3*o - 555 = 0, 4*s = 5*o + 565. What is the greatest common divisor of 45 and s?
45
Suppose -21 = -5*n - 1. Suppose -2 = 3*s - 5. What is the greatest common factor of n and s?
1
Let l(f) = -f**3 - 13*f**2 + 30*f + 1. Let x be l(-15). What is the greatest common divisor of x and 1?
1
Suppose 40*v + 5 = 45*v. Suppose 3*z - 15 = -4*w, -6*w = -w + 3*z - 18. What is the greatest common divisor of v and w?
1
Let p = -1 - -2. Let y be (0/5)/(-2*p). Suppose y = -7*d + 4*d + 51. Calculate the greatest common divisor of 51 and d.
17
Let z be 2/(-5) + (-44)/(-10). Suppose z*y = 110 + 142. Suppose v = -4*v - r + 30, 3*r = -5*v + 20. Calculate the highest common factor of v and y.
7
Let x(l) = -5*l + 3. Let b be 1/(-1)*1*-3. Suppose -6 = b*n + 12. Let f be x(n). What is the highest common factor of 3 and f?
3
Let a = 15 - -14. What is the greatest common factor of a and 58?
29
Let r(h) = h**2 + 9*h - 2. Let a be r(-9). Let q be (3 - (a - 3)) + -2. Calculate the highest common factor of q and 18.
6
Let i be (-51)/15 + (-2)/(-5). Let d(c) = -11*c + 2. Let r be d(i). Calculate the highest common factor of 5 and r.
5
Let q = -69 - -70. Calculate the highest common divisor of 8 and q.
1
Suppose -5*d + 4 = -11. Let r be ((-112)/d)/((-10)/45). Let y = 31 + -10. Calculate the greatest common divisor of r and y.
21
Let h be -1*((-1 - 2) + 1). What is the greatest common factor of 2 and h?
2
Suppose 0 = -5*p + p, -4*n - 4*p = -24. Let d be 61/3 - (-4)/n. What is the greatest common factor of 84 and d?
21
Let b(l) = -10*l + 23. Let x be b(-13). What is the highest common divisor of 17 and x?
17
Suppose -4*l + 15 = 3. What is the greatest common divisor of 21 and l?
3
Suppose -10 + 0 = -2*r. Calculate the highest common factor of 10 and r.
5
Let t = -8 - -29. Calculate the greatest common divisor of 7 and t.
7
Let v be (-58)/(-4) + (-1)/2. Suppose -2*w - 158 = -q, 2*q + 4*w - 243 = 57. What is the greatest common divisor of q and v?
14
Let o be (2 - 3) + (-1 - 0). Let d be 12/((-9)/(-3) + o). Suppose 9*y - 540 = 4*y. What is the highest common divisor of y and d?
12
Let q(t) = 3*t**3 + 2*t**2 - 5*t + 5. Let j be q(2). Calculate the greatest common divisor of j and 3.
3
Let l(z) = z - 8. Let u be l(11). Calculate the greatest common divisor of u and 21.
3
Let k = -2 + 8. Let v be (59/3)/((-2)/k). Let x = v - -95. Wh